{"id":2480,"date":"2026-03-18T22:19:09","date_gmt":"2026-03-18T22:19:09","guid":{"rendered":"https:\/\/www.muhrucevher.com\/?post_type=product&#038;p=2480"},"modified":"2026-03-27T21:08:26","modified_gmt":"2026-03-27T21:08:26","slug":"ulku-tamamen-kisiye-ozel-925-ayar-gumus","status":"publish","type":"product","link":"https:\/\/www.muhrucevher.com\/index.php\/urun\/ulku-tamamen-kisiye-ozel-925-ayar-gumus\/","title":{"rendered":"\u00dclk\u00fc | Tamamen Ki\u015fiye \u00d6zel | 925 Ayar G\u00fcm\u00fc\u015f"},"content":{"rendered":"<p><a href=\"https:\/\/www.muhrucevher.com\/index.php\/urun\/ulku-tamamen-kisiye-ozel-925-ayar-gumus\/\"><strong>\u00dclk\u00fc\u00a0<\/strong><\/a><\/p>\n<p>Geleneksel motiflerin modern zanaatkarl\u0131kla bulu\u015ftu\u011fu bu \u00f6zel tasar\u0131mda, \u00fcst k\u0131s\u0131mda KAM DAVULU fig\u00fcr\u00fc , ortas\u0131nda BOZKURT , etraf\u0131nda G\u00f6kt\u00fcrk\u00e7e T\u00dcRK bulunmaktad\u0131r. Sa\u011f tarafta ATAT\u00dcRK sil\u00fceti ve Ay Y\u0131ld\u0131z s\u00fcslemeleri , sol tarafta Alparslan T\u00fcrke\u015f sil\u00fceti ve taban kolunda NE MUTLU T\u00dcRK\u00dcM D\u0130YENE yazmaktad\u0131r. Seri \u00fcretimden uzak, tamamen ki\u015fiye \u00f6zel ve el i\u015f\u00e7ili\u011fi ile haz\u0131rlanan bu par\u00e7a, s\u0131radan bir aksesuar de\u011fil, nesilden nesile aktar\u0131lacak bir simgedir.<\/p>\n<ul>\n<li><strong>Materyal:<\/strong> 925 Ayar\u00a0 G\u00fcm\u00fc\u015f<\/li>\n<li><strong>Kasa \u0130\u015f\u00e7ili\u011fi:<\/strong>\u00a0 Dokulu y\u00fczey (Hammered Finish). Bu \u00f6zel teknik, her bir y\u00fcz\u00fc\u011f\u00fcn dokusunu e\u015fsiz k\u0131lar.<\/li>\n<li><strong>Fig\u00fcr:<\/strong> \u00dcst k\u0131s\u0131mda, ince detaylarla i\u015flenmi\u015f ve \u00f6zel oksitleme\u00a0 tekni\u011fi ile karart\u0131larak detaylar\u0131n ortaya \u00e7\u0131kt\u0131\u011f\u0131 fig\u00fcrler yer al\u0131r.<\/li>\n<li><strong>Tasar\u0131m:<\/strong> Tamamen el i\u015f\u00e7ili\u011fi\u00a0 olup, ki\u015fiye \u00f6zel tasar\u0131m olarak \u00fcretilir.<\/li>\n<\/ul>\n<p><strong>Ki\u015file\u015ftirmeler \u015fu \u015fekilde yap\u0131l\u0131r :<\/strong><\/p>\n<p>Renk de\u011fi\u015fiklikleri\u00a0 genel tasar\u0131m\u00a0 d\u00fczenlemeleri.<\/p>\n<p>Di\u011fer <a href=\"https:\/\/www.muhrucevher.com\/index.php\/magaza\/\">erkek y\u00fcz\u00fck modelleri<\/a>ne\u00a0 g\u00f6z atmak i\u00e7in ma\u011fazam\u0131z\u0131 ziyaret edebilirsiniz.<\/p>\n","protected":false},"excerpt":{"rendered":"<p><a href=\"https:\/\/www.muhrucevher.com\/index.php\/urun\/ulku-tamamen-kisiye-ozel-925-ayar-gumus\/\"><strong>\u00dclk\u00fc\u00a0<\/strong><\/a><\/p>\n<p>Geleneksel motiflerin modern zanaatkarl\u0131kla bulu\u015ftu\u011fu bu \u00f6zel tasar\u0131mda, \u00fcst k\u0131s\u0131mda KAM DAVULU fig\u00fcr\u00fc , ortas\u0131nda BOZKURT , etraf\u0131nda G\u00f6kt\u00fcrk\u00e7e T\u00dcRK bulunmaktad\u0131r. Sa\u011f tarafta ATAT\u00dcRK sil\u00fceti ve Ay Y\u0131ld\u0131z s\u00fcslemeleri , sol tarafta Alparslan T\u00fcrke\u015f sil\u00fceti ve taban kolunda NE MUTLU T\u00dcRK\u00dcM D\u0130YENE yazmaktad\u0131r. Seri \u00fcretimden uzak, tamamen ki\u015fiye \u00f6zel ve el i\u015f\u00e7ili\u011fi ile haz\u0131rlanan bu par\u00e7a, s\u0131radan bir aksesuar de\u011fil, nesilden nesile aktar\u0131lacak bir simgedir.<\/p>\n<ul>\n<li><strong>Materyal:<\/strong> 925 Ayar\u00a0 G\u00fcm\u00fc\u015f<\/li>\n<li><strong>Kasa \u0130\u015f\u00e7ili\u011fi:<\/strong>\u00a0 Dokulu y\u00fczey (Hammered Finish). Bu \u00f6zel teknik, her bir y\u00fcz\u00fc\u011f\u00fcn dokusunu e\u015fsiz k\u0131lar.<\/li>\n<li><strong>Fig\u00fcr:<\/strong> \u00dcst k\u0131s\u0131mda, ince detaylarla i\u015flenmi\u015f ve \u00f6zel oksitleme\u00a0 tekni\u011fi ile karart\u0131larak detaylar\u0131n ortaya \u00e7\u0131kt\u0131\u011f\u0131 fig\u00fcrler yer al\u0131r.<\/li>\n<li><strong>Tasar\u0131m:<\/strong> Tamamen el i\u015f\u00e7ili\u011fi\u00a0 olup, ki\u015fiye \u00f6zel tasar\u0131m olarak \u00fcretilir.<\/li>\n<\/ul>\n<p><strong>\u00dcr\u00fcn Videosunu \u0130zlemek \u0130\u00e7in Linke T\u0131klay\u0131n\u00a0<a href=\"https:\/\/www.instagram.com\/p\/CXa3xmNLOk9\/?img_index=1\">\u00dclk\u00fc<\/a><\/strong><\/p>\n<h4><strong>Sipari\u015f ve Bilgi A\u00e7\u0131klamas\u0131 ( L\u00fctfen Okuyunuz!)<\/strong><\/h4>\n<p><strong>\u00dcr\u00fcn el i\u015f\u00e7ili\u011fi ve ki\u015fiye \u00f6zel \u00fcretim oldu\u011fu i\u00e7in iade ve de\u011fi\u015fim s\u00f6z konusu de\u011fildir.<\/strong><br \/>\n<strong>Ortalama \u00fcretim s\u00fcresi \u00f6deme sonras\u0131 2-3 hafta aras\u0131ndad\u0131r<\/strong>.<br \/>\n<strong>L\u00fctfen sipari\u015f \u00f6deme k\u0131sm\u0131nda \u00f6n\u00fcn\u00fcze \u00e7\u0131kacak alana \u00fcr\u00fcn\u00fc nas\u0131l istedi\u011finize dair detayl\u0131 bilgi verin.<\/strong><br \/>\nL\u00fctfen parmak \u00f6l\u00e7\u00fcn\u00fcz\u00fc\u00a0 do\u011fru bir \u015fekilde verin. Parmak \u00f6l\u00e7\u00fcs\u00fc yanl\u0131\u015f bilgilendirilimesi sonucunda olu\u015facak hatalar tamamen m\u00fc\u015fteriye ait kusurlar sebebidir. <strong>Revize tamir yada d\u00fczeltme i\u00e7in \u00e7\u0131kan kargo \u00fccretleri gidi\u015f ve d\u00f6n\u00fc\u015f olmak \u00fczere m\u00fc\u015fteri taraf\u0131ndan \u00f6denir.<\/strong><\/p>\n","protected":false},"featured_media":2514,"template":"","meta":{"_seopress_robots_primary_cat":"none","_seopress_titles_title":"\u00dclk\u00fc %%sep%%Ki\u015fiye \u00d6zel Tasar\u0131m Y\u00fcz\u00fck %%sep%5 Ayar %%sep%%Erkek Y\u00fcz\u00fck","_seopress_titles_desc":"\u00dclk\u00fc tamamen el i\u015f\u00e7ili\u011fi kasas\u0131 , ki\u015fiye \u00f6zel tasarlanm\u0131\u015f yap\u0131s\u0131yla farkl\u0131 olmak isteyen erkekler i\u00e7in alternatif bir modeldir.","_seopress_robots_index":"","_kad_post_transparent":"default","_kad_post_title":"","_kad_post_layout":"default","_kad_post_sidebar_id":"","_kad_post_content_style":"default","_kad_post_vertical_padding":"default","_kad_post_feature":"","_kad_post_feature_position":"","_kad_post_header":false,"_kad_post_footer":false,"_kad_post_classname":"","_vp_format_video_url":"","_vp_image_focal_point":[]},"product_brand":[29],"product_cat":[17,15,23],"product_tag":[],"class_list":{"0":"post-2480","1":"product","2":"type-product","3":"status-publish","4":"has-post-thumbnail","6":"product_brand-muhr-u-cevher","7":"product_cat-erkek","8":"product_cat-genel","9":"product_cat-yuzuk","11":"first","12":"instock","13":"sale","14":"shipping-taxable","15":"purchasable","16":"product-type-variable","17":"entry","18":"content-bg","19":"loop-entry"},"_links":{"self":[{"href":"https:\/\/www.muhrucevher.com\/index.php\/wp-json\/wp\/v2\/product\/2480","targetHints":{"allow":["GET"]}}],"collection":[{"href":"https:\/\/www.muhrucevher.com\/index.php\/wp-json\/wp\/v2\/product"}],"about":[{"href":"https:\/\/www.muhrucevher.com\/index.php\/wp-json\/wp\/v2\/types\/product"}],"wp:featuredmedia":[{"embeddable":true,"href":"https:\/\/www.muhrucevher.com\/index.php\/wp-json\/wp\/v2\/media\/2514"}],"wp:attachment":[{"href":"https:\/\/www.muhrucevher.com\/index.php\/wp-json\/wp\/v2\/media?parent=2480"}],"wp:term":[{"taxonomy":"product_brand","embeddable":true,"href":"https:\/\/www.muhrucevher.com\/index.php\/wp-json\/wp\/v2\/product_brand?post=2480"},{"taxonomy":"product_cat","embeddable":true,"href":"https:\/\/www.muhrucevher.com\/index.php\/wp-json\/wp\/v2\/product_cat?post=2480"},{"taxonomy":"product_tag","embeddable":true,"href":"https:\/\/www.muhrucevher.com\/index.php\/wp-json\/wp\/v2\/product_tag?post=2480"}],"curies":[{"name":"wp","href":"https:\/\/api.w.org\/{rel}","templated":true}]}}