{"id":2411,"date":"2026-03-18T21:27:22","date_gmt":"2026-03-18T21:27:22","guid":{"rendered":"https:\/\/www.muhrucevher.com\/?post_type=product&#038;p=2411"},"modified":"2026-03-27T21:22:05","modified_gmt":"2026-03-27T21:22:05","slug":"asude-kaplan-gozu-tasi-tamamen-kisiye-ozel-925-ayar-gumus","status":"publish","type":"product","link":"https:\/\/www.muhrucevher.com\/index.php\/urun\/asude-kaplan-gozu-tasi-tamamen-kisiye-ozel-925-ayar-gumus\/","title":{"rendered":"Asude | Kaplan G\u00f6z\u00fc Ta\u015f\u0131 | Tamamen Ki\u015fiye \u00d6zel | 925 Ayar G\u00fcm\u00fc\u015f"},"content":{"rendered":"<h6><strong><a href=\"https:\/\/www.muhrucevher.com\/index.php\/urun\/asude-kaplan-gozu-tasi-tamamen-kisiye-ozel-925-ayar-gumus\/\">ASUDE<\/a>: Kaplan\u0131n G\u00f6z\u00fcnde Gizli Asalet<\/strong><\/h6>\n<p>Geleneksel motiflerin modern l\u00fcksle kusursuz uyumu: Asude. Bu \u00f6zel tasar\u0131m, s\u0131radan bir aksesuar\u0131n \u00f6tesine ge\u00e7erek, parma\u011f\u0131n\u0131zda ta\u015f\u0131yaca\u011f\u0131n\u0131z bir sanat eserine d\u00f6n\u00fc\u015f\u00fcyor.<\/p>\n<p><strong>Tasar\u0131m Detaylar\u0131<\/strong><\/p>\n<p><strong>Barok Ruhun Esteti\u011fi:<\/strong> 925 ayar g\u00fcm\u00fc\u015f \u00fczerine uygulanan s\u0131cak Rose kaplama, kasan\u0131n yanlar\u0131na titizlikle i\u015flenmi\u015f barok desenlerle birle\u015ferek tarihi bir derinlik sunar.<\/p>\n<p><strong>G\u00f6z Al\u0131c\u0131 Kontrast:<\/strong> Kaplan g\u00f6z\u00fc ta\u015f\u0131n\u0131n do\u011fal kahverengi hareleri, yuva etraf\u0131na el m\u0131hlama y\u00f6ntemiyle tek tek yerle\u015ftirilen siyah Swarovski ta\u015flar\u0131n karanl\u0131k \u0131\u015f\u0131lt\u0131s\u0131yla \u00e7evrelenmi\u015ftir.<\/p>\n<p><strong>Do\u011fan\u0131n G\u00fcc\u00fc:<\/strong> Odak noktas\u0131nda yer alan y\u00fcksek kalite Kaplan G\u00f6z\u00fc, her \u0131\u015f\u0131kta de\u011fi\u015fen yans\u0131malar\u0131yla hem koruyucu bir t\u0131ls\u0131m hem de otoritenin simgesidir.<\/p>\n<p><strong>Neden Asude?<\/strong><\/p>\n<p><strong>Asude ismiyle m\u00fcsemma; huzurlu, dingin ama bir o kadar da g\u00fc\u00e7l\u00fc bir duru\u015fu temsil eder<\/strong>. El i\u015f\u00e7ili\u011finin en zarif hali olan m\u0131hlama tekni\u011fi, fabrikasyon \u00fcr\u00fcnlerin aksine her ta\u015f\u0131n ruhunu ortaya \u00e7\u0131kar\u0131r.<\/p>\n<p>&#8220;Klasik g\u00fcm\u00fc\u015f renginden s\u0131k\u0131lan, detaylarda gizli kaliteyi arayan ve tarz\u0131nda iddial\u0131 bir imza b\u0131rakmak isteyen erkekler i\u00e7in tasarland\u0131.&#8221;<\/p>\n<p><strong>Tamamen el yap\u0131m\u0131d\u0131r. Ki\u015fiye \u00f6zel \u00fcretim yap\u0131lmaktad\u0131r bu sebeple tasar\u0131m\u0131 iste\u011finize g\u00f6re \u015fekillendirebiliriz. Ki\u015fiye \u00f6zel yap\u0131ld\u0131\u011f\u0131 i\u00e7in iade ve de\u011fi\u015fim s\u00f6z konusu de\u011fildir.<\/strong><\/p>\n<p>Ki\u015file\u015ftirmeler \u015fu \u015fekilde yap\u0131l\u0131r :<\/p>\n<p>Renk de\u011fi\u015fiklikleri\u00a0 genel tasar\u0131m\u00a0 d\u00fczenlemeleri.<\/p>\n<p>Di\u011fer <a href=\"https:\/\/www.muhrucevher.com\/index.php\/magaza\/\">erkek y\u00fcz\u00fc\u011f\u00fc modelleri<\/a> i\u00e7in ma\u011fazam\u0131z\u0131 ziyaret edebilirsiniz.<\/p>\n","protected":false},"excerpt":{"rendered":"<h4>Asude<\/h4>\n<p>Asude&#8217;nin zarafeti ve g\u00fcc\u00fcyle tan\u0131\u015f\u0131n. Bu \u00f6zel tasar\u0131m erkek y\u00fcz\u00fck, g\u00fcm\u00fc\u015f\u00fcn asaletini rose renginin s\u0131cakl\u0131\u011f\u0131yla bulu\u015fturarak g\u00f6z kama\u015ft\u0131r\u0131c\u0131 bir \u015f\u0131kl\u0131k sunuyor. Y\u00fcz\u00fc\u011f\u00fcn yan k\u0131s\u0131mlar\u0131ndaki barok desenler, tarihin derinliklerinden gelen bir esteti\u011fi modern bir dokunu\u015fla birle\u015ftiriyor.<\/p>\n<p>Y\u00fcz\u00fc\u011f\u00fcn kalbinde yer alan kaplan g\u00f6z\u00fc ta\u015f\u0131, cesaret ve g\u00fc\u00e7 sembol\u00fc olarak bilinir. Ta\u015f\u0131 \u00e7evreleyen siyah Swarovski ta\u015flar ise el m\u0131hlama tekni\u011fiyle \u00f6zenle yerle\u015ftirilerek y\u00fcz\u00fc\u011fe sofistike bir dokunu\u015f kat\u0131yor.<\/p>\n<ul>\n<li>Kasa: G\u00fcm\u00fc\u015f<\/li>\n<li>Renk: Rose<\/li>\n<li>Desenler: Barok<\/li>\n<li>Ta\u015f: Kaplan g\u00f6z\u00fc<\/li>\n<li>Yan ta\u015flar: Siyah Swarovski (el m\u0131hlama)<\/li>\n<\/ul>\n<p data-path-to-node=\"6,3,0\"><b>\u00dcr\u00fcn\u00fcn Detayl\u0131 Videosu \u0130\u00e7in Linke T\u0131klay\u0131n<\/b> <a href=\"https:\/\/www.instagram.com\/p\/CYa8-wBtmkY\/?img_index=1\">Asude<\/a><\/p>\n<h4><strong>Sipari\u015f ve Bilgi A\u00e7\u0131klamas\u0131 ( L\u00fctfen Okuyunuz!)<\/strong><\/h4>\n<p><strong>\u00dcr\u00fcn el i\u015f\u00e7ili\u011fi ve ki\u015fiye \u00f6zel \u00fcretim oldu\u011fu i\u00e7in iade ve de\u011fi\u015fim s\u00f6z konusu de\u011fildir.<\/strong><br \/>\n<strong>Ortalama \u00fcretim s\u00fcresi \u00f6deme sonras\u0131 2-3 hafta aras\u0131ndad\u0131r<\/strong>.<br \/>\n<strong>L\u00fctfen sipari\u015f \u00f6deme k\u0131sm\u0131nda \u00f6n\u00fcn\u00fcze \u00e7\u0131kacak alana \u00fcr\u00fcn\u00fc nas\u0131l istedi\u011finize dair detayl\u0131 bilgi verin.<\/strong><br \/>\nL\u00fctfen parmak \u00f6l\u00e7\u00fcn\u00fcz\u00fc\u00a0 do\u011fru bir \u015fekilde verin. Parmak \u00f6l\u00e7\u00fcs\u00fc yanl\u0131\u015f bilgilendirilimesi sonucunda olu\u015facak hatalar tamamen m\u00fc\u015fteriye ait kusurlar sebebidir. <strong>Revize tamir yada d\u00fczeltme i\u00e7in \u00e7\u0131kan kargo \u00fccretleri gidi\u015f ve d\u00f6n\u00fc\u015f olmak \u00fczere m\u00fc\u015fteri taraf\u0131ndan \u00f6denir.<\/strong><\/p>\n","protected":false},"featured_media":2444,"template":"","meta":{"_seopress_robots_primary_cat":"none","_seopress_titles_title":"Asude %%sep%%Kaplan G\u00f6z\u00fc Ta\u015f\u0131 %%sep%% El \u0130\u015f\u00e7ili\u011fi Erkek Y\u00fcz\u00fck %%sep%% 925 Ayar G\u00fcm\u00fc\u015f","_seopress_titles_desc":"Asude tamamen el i\u015f\u00e7ili\u011fi kasas\u0131 ve \u00fcst\u00fcndeki kaplan g\u00f6z\u00fc ta\u015f\u0131 ile stil sahibi olmak isteyen her erke\u011fin ta\u015f\u0131yaca\u011f\u0131 bir erkek y\u00fcz\u00fc\u011f\u00fcd\u00fcr.","_seopress_robots_index":"","_kad_post_transparent":"default","_kad_post_title":"","_kad_post_layout":"default","_kad_post_sidebar_id":"","_kad_post_content_style":"default","_kad_post_vertical_padding":"default","_kad_post_feature":"","_kad_post_feature_position":"","_kad_post_header":false,"_kad_post_footer":false,"_kad_post_classname":"","_vp_format_video_url":"","_vp_image_focal_point":[]},"product_brand":[29],"product_cat":[17,15,23],"product_tag":[],"class_list":{"0":"post-2411","1":"product","2":"type-product","3":"status-publish","4":"has-post-thumbnail","6":"product_brand-muhr-u-cevher","7":"product_cat-erkek","8":"product_cat-genel","9":"product_cat-yuzuk","11":"first","12":"instock","13":"sale","14":"shipping-taxable","15":"purchasable","16":"product-type-variable","17":"entry","18":"content-bg","19":"loop-entry"},"_links":{"self":[{"href":"https:\/\/www.muhrucevher.com\/index.php\/wp-json\/wp\/v2\/product\/2411","targetHints":{"allow":["GET"]}}],"collection":[{"href":"https:\/\/www.muhrucevher.com\/index.php\/wp-json\/wp\/v2\/product"}],"about":[{"href":"https:\/\/www.muhrucevher.com\/index.php\/wp-json\/wp\/v2\/types\/product"}],"wp:featuredmedia":[{"embeddable":true,"href":"https:\/\/www.muhrucevher.com\/index.php\/wp-json\/wp\/v2\/media\/2444"}],"wp:attachment":[{"href":"https:\/\/www.muhrucevher.com\/index.php\/wp-json\/wp\/v2\/media?parent=2411"}],"wp:term":[{"taxonomy":"product_brand","embeddable":true,"href":"https:\/\/www.muhrucevher.com\/index.php\/wp-json\/wp\/v2\/product_brand?post=2411"},{"taxonomy":"product_cat","embeddable":true,"href":"https:\/\/www.muhrucevher.com\/index.php\/wp-json\/wp\/v2\/product_cat?post=2411"},{"taxonomy":"product_tag","embeddable":true,"href":"https:\/\/www.muhrucevher.com\/index.php\/wp-json\/wp\/v2\/product_tag?post=2411"}],"curies":[{"name":"wp","href":"https:\/\/api.w.org\/{rel}","templated":true}]}}