{"id":2308,"date":"2026-03-18T19:23:24","date_gmt":"2026-03-18T19:23:24","guid":{"rendered":"https:\/\/www.muhrucevher.com\/?post_type=product&#038;p=2308"},"modified":"2026-03-29T13:40:14","modified_gmt":"2026-03-29T13:40:14","slug":"karizma-beyaz-yaka-koleksiyon-tamamen-kisiye-ozel-925-ayar-gumus","status":"publish","type":"product","link":"https:\/\/www.muhrucevher.com\/index.php\/urun\/karizma-beyaz-yaka-koleksiyon-tamamen-kisiye-ozel-925-ayar-gumus\/","title":{"rendered":"Karizma | Beyaz Yaka Koleksiyon | Tamamen Ki\u015fiye \u00d6zel | 925 Ayar G\u00fcm\u00fc\u015f"},"content":{"rendered":"<h2 data-path-to-node=\"2\"><a href=\"https:\/\/www.muhrucevher.com\/index.php\/urun\/karizma-beyaz-yaka-koleksiyon-tamamen-kisiye-ozel-925-ayar-gumus\/\"><b data-path-to-node=\"2\" data-index-in-node=\"0\">KAR\u0130ZMA<\/b><\/a><\/h2>\n<p data-path-to-node=\"3\"><b data-path-to-node=\"3\" data-index-in-node=\"0\">Karizma<\/b>, geleneksel \u015f\u00f6valye y\u00fcz\u00fc\u011f\u00fc formunu, modern minimalizm ve end\u00fcstriyel estetikle yeniden tan\u0131ml\u0131yor. Karakterini sadece s\u00f6zleriyle de\u011fil, tarz\u0131yla da d\u0131\u015fa vurmak isteyen; detaylara \u00f6nem veren vizyoner erkekler i\u00e7in \u00f6zel olarak kurguland\u0131.<\/p>\n<ul data-path-to-node=\"5\">\n<li>\n<p data-path-to-node=\"5,0,0\"><b data-path-to-node=\"5,0,0\" data-index-in-node=\"0\">Geometrik Derinlik ve Kontrast:<\/b> Y\u00fcz\u00fc\u011f\u00fcn \u00fcst tablas\u0131nda yer alan asimetrik yerle\u015fimli, piramit formlu <b data-path-to-node=\"5,0,0\" data-index-in-node=\"101\">bronz i\u015flemeler<\/b>, \u0131\u015f\u0131lt\u0131 ve g\u00f6lge oyunlar\u0131yla \u00fcr\u00fcne \u00e7ok boyutlu bir derinlik katar. Bronzun s\u0131cak tonu ile g\u00fcm\u00fc\u015f\u00fcn so\u011fuk asaleti aras\u0131ndaki bu kusursuz z\u0131tl\u0131k, modern bir g\u00fc\u00e7 simgesidir.<\/p>\n<\/li>\n<li>\n<p data-path-to-node=\"5,1,0\"><b data-path-to-node=\"5,1,0\" data-index-in-node=\"0\">Ak\u0131\u015fkan Yan Y\u00fczeyler:<\/b> Yan y\u00fczeylerde kullan\u0131lan sade ve ak\u0131\u015fkan formlar, &#8220;y\u00fczey sanat\u0131&#8221; (surface art) disipliniyle i\u015flenmi\u015ftir. Bu ak\u0131c\u0131 hatlar, y\u00fcz\u00fc\u011f\u00fcn parmakla b\u00fct\u00fcnle\u015fmesini sa\u011flarken, dokunma hissini de premium bir seviyeye ta\u015f\u0131r.<\/p>\n<\/li>\n<\/ul>\n<p><strong>Tamamen el yap\u0131m\u0131d\u0131r. Ki\u015fiye \u00f6zel \u00fcretim yap\u0131lmaktad\u0131r bu sebeple tasar\u0131m\u0131 iste\u011finize g\u00f6re \u015fekillendirebiliriz. Ki\u015fiye \u00f6zel yap\u0131ld\u0131\u011f\u0131 i\u00e7in iade ve de\u011fi\u015fim s\u00f6z konusu de\u011fildir.<\/strong><\/p>\n<p>Ki\u015file\u015ftirmeler \u015fu \u015fekilde yap\u0131l\u0131r :<\/p>\n<p>Renk de\u011fi\u015fiklikleri\u00a0 genel tasar\u0131m\u00a0 d\u00fczenlemeleri.<\/p>\n<p>Di\u011fer <a href=\"https:\/\/www.muhrucevher.com\/\">ki\u015fiye \u00f6zel tasar\u0131m erkek y\u00fcz\u00fckleri<\/a> i\u00e7in ma\u011fazam\u0131z\u0131 ziyaret edebilirsiniz.<\/p>\n","protected":false},"excerpt":{"rendered":"<p data-path-to-node=\"4\"><b>Karizma\u00a0<\/b><\/p>\n<p data-path-to-node=\"4\">Modern bir yorumla olu\u015fturulan karizma, karakterini tarz\u0131yla yans\u0131tmak isteyen erkekler i\u00e7in tasarland\u0131. Y\u00fcz\u00fc\u011f\u00fcn yan y\u00fczeylerinde yer alan sade ve ak\u0131\u015fkan y\u00fczey sanat\u0131n\u0131n inceli\u011fini ta\u015f\u0131rken; \u00fcst k\u0131s\u0131mdaki asimetrik yerle\u015fimli bronz i\u015flemeler \u00fcr\u00fcne gizemli ve g\u00fc\u00e7l\u00fc bir hava kat\u0131yor.<\/p>\n<ul>\n<li style=\"list-style-type: none;\">\n<ul data-path-to-node=\"6\">\n<li>\n<p data-path-to-node=\"6,0,0\"><b data-path-to-node=\"6,0,0\" data-index-in-node=\"0\">Malzeme:<\/b> 925 Ayar G\u00fcm\u00fc\u015f.<\/p>\n<\/li>\n<li>\n<p data-path-to-node=\"6,1,0\"><b data-path-to-node=\"6,1,0\" data-index-in-node=\"0\">Detay:<\/b> Usta ellerden \u00e7\u0131kma el kalem i\u015fi bronz i\u015flemeler.<\/p>\n<\/li>\n<li>\n<p data-path-to-node=\"6,3,0\"><b data-path-to-node=\"6,3,0\" data-index-in-node=\"0\">Tasar\u0131m:<\/b> Klasik \u015f\u00f6valye formuyla modern asimetrinin kusursuz uyumu.<\/p>\n<\/li>\n<\/ul>\n<\/li>\n<\/ul>\n<h4><strong>Sipari\u015f ve Bilgi A\u00e7\u0131klamas\u0131 ( L\u00fctfen Okuyunuz!)<\/strong><\/h4>\n<p><strong>\u00dcr\u00fcn el i\u015f\u00e7ili\u011fi ve ki\u015fiye \u00f6zel \u00fcretim oldu\u011fu i\u00e7in iade ve de\u011fi\u015fim s\u00f6z konusu de\u011fildir.<\/strong><br \/>\n<strong>Ortalama \u00fcretim s\u00fcresi \u00f6deme sonras\u0131 2-3 hafta aras\u0131ndad\u0131r<\/strong>.<br \/>\n<strong>L\u00fctfen sipari\u015f \u00f6deme k\u0131sm\u0131nda \u00f6n\u00fcn\u00fcze \u00e7\u0131kacak alana \u00fcr\u00fcn\u00fc nas\u0131l istedi\u011finize dair detayl\u0131 bilgi verin.<\/strong><br \/>\nL\u00fctfen parmak \u00f6l\u00e7\u00fcn\u00fcz\u00fc\u00a0 do\u011fru bir \u015fekilde verin. Parmak \u00f6l\u00e7\u00fcs\u00fc yanl\u0131\u015f bilgilendirilimesi sonucunda olu\u015facak hatalar tamamen m\u00fc\u015fteriye ait kusurlar sebebidir. <strong>Revize tamir yada d\u00fczeltme i\u00e7in \u00e7\u0131kan kargo \u00fccretleri gidi\u015f ve d\u00f6n\u00fc\u015f olmak \u00fczere m\u00fc\u015fteri taraf\u0131ndan \u00f6denir.<\/strong><\/p>\n","protected":false},"featured_media":3162,"template":"","meta":{"_seopress_robots_primary_cat":"none","_seopress_titles_title":"Karizma |El \u0130\u015f\u00e7ili\u011fi | Tamamen Ki\u015fiye \u00d6zel | 925","_seopress_titles_desc":"Karizma , el i\u015f\u00e7ili\u011fi kasas\u0131 , tamamen ki\u015fiye \u00f6zel tasar\u0131m\u0131 ile 925 ayar g\u00fcm\u00fc\u015ften yap\u0131lm\u0131\u015f bir erkek y\u00fcz\u00fc\u011f\u00fcd\u00fcr. M\u00fchr-\u00fc Cevher Kuyumculuk","_seopress_robots_index":"","_kad_post_transparent":"default","_kad_post_title":"","_kad_post_layout":"default","_kad_post_sidebar_id":"","_kad_post_content_style":"default","_kad_post_vertical_padding":"default","_kad_post_feature":"","_kad_post_feature_position":"","_kad_post_header":false,"_kad_post_footer":false,"_kad_post_classname":"","_vp_format_video_url":"","_vp_image_focal_point":[]},"product_brand":[29],"product_cat":[17,15,23],"product_tag":[],"class_list":{"0":"post-2308","1":"product","2":"type-product","3":"status-publish","4":"has-post-thumbnail","6":"product_brand-muhr-u-cevher","7":"product_cat-erkek","8":"product_cat-genel","9":"product_cat-yuzuk","11":"first","12":"instock","13":"sale","14":"shipping-taxable","15":"purchasable","16":"product-type-variable","17":"entry","18":"content-bg","19":"loop-entry"},"_links":{"self":[{"href":"https:\/\/www.muhrucevher.com\/index.php\/wp-json\/wp\/v2\/product\/2308","targetHints":{"allow":["GET"]}}],"collection":[{"href":"https:\/\/www.muhrucevher.com\/index.php\/wp-json\/wp\/v2\/product"}],"about":[{"href":"https:\/\/www.muhrucevher.com\/index.php\/wp-json\/wp\/v2\/types\/product"}],"wp:featuredmedia":[{"embeddable":true,"href":"https:\/\/www.muhrucevher.com\/index.php\/wp-json\/wp\/v2\/media\/3162"}],"wp:attachment":[{"href":"https:\/\/www.muhrucevher.com\/index.php\/wp-json\/wp\/v2\/media?parent=2308"}],"wp:term":[{"taxonomy":"product_brand","embeddable":true,"href":"https:\/\/www.muhrucevher.com\/index.php\/wp-json\/wp\/v2\/product_brand?post=2308"},{"taxonomy":"product_cat","embeddable":true,"href":"https:\/\/www.muhrucevher.com\/index.php\/wp-json\/wp\/v2\/product_cat?post=2308"},{"taxonomy":"product_tag","embeddable":true,"href":"https:\/\/www.muhrucevher.com\/index.php\/wp-json\/wp\/v2\/product_tag?post=2308"}],"curies":[{"name":"wp","href":"https:\/\/api.w.org\/{rel}","templated":true}]}}