{"id":1488,"date":"2026-03-11T18:34:40","date_gmt":"2026-03-11T18:34:40","guid":{"rendered":"https:\/\/www.muhrucevher.com\/?post_type=product&#038;p=1488"},"modified":"2026-03-29T21:09:34","modified_gmt":"2026-03-29T21:09:34","slug":"hilye-i-serif-on-yuzu-ayet-el-kursi-ve-hilye-i-serif-arka-yuz-nahl-i-serif-tamamen-kisiye-ozel-925-ayar-gumus","status":"publish","type":"product","link":"https:\/\/www.muhrucevher.com\/index.php\/urun\/hilye-i-serif-on-yuzu-ayet-el-kursi-ve-hilye-i-serif-arka-yuz-nahl-i-serif-tamamen-kisiye-ozel-925-ayar-gumus\/","title":{"rendered":"Hilye-i \u015eerif |\u00d6n Y\u00fcz\u00fc  Hilye-i \u015eerif | Arka Y\u00fcz Nahl-\u0131 \u015eerif | Tamamen Ki\u015fiye \u00d6zel | 925 Ayar G\u00fcm\u00fc\u015f"},"content":{"rendered":"<h1 data-start=\"170\" data-end=\"446\"><a href=\"https:\/\/www.muhrucevher.com\/index.php\/urun\/hilye-i-serif-on-yuzu-ayet-el-kursi-ve-hilye-i-serif-arka-yuz-nahl-i-serif-tamamen-kisiye-ozel-925-ayar-gumus\/?preview=true\"><strong>Hilye-i \u015eerif<\/strong><\/a><\/h1>\n<p data-pm-slice=\"0 0 []\">\u00d6n y\u00fczde ; Hilye-i \u015eerif bulunmaktad\u0131r. ,Hilye-i \u015eerif ,\u00a0 Hz. Muhammed&#8217;in (s.a.v.) fiziksel \u00f6zelliklerini, ahlak\u0131n\u0131 ve \u015fem\u00e2ilini tasvir eden, \u00f6zellikle Osmanl\u0131 sanat\u0131nda hat ve tezhiple s\u00fcslenen panolara verilen isimdir. Kelime anlam\u0131 &#8220;s\u00fcs, ziynet&#8221; olan hilye, Peygamberi g\u00f6rme arzusuyla olu\u015fturu\u015fturulur.<\/p>\n<p data-pm-slice=\"0 0 []\">Arka y\u00fczde ise Nal-i \u015eerif bulunmaktad\u0131r;<\/p>\n<p data-pm-slice=\"0 0 []\">Nal-\u0131 \u015eerif (Nal-\u0131 Saadet), Peygamberimiz Hz. Muhammed&#8217;in (s.a.v) giydi\u011fi sandaletlerin \u015feklini temsil eden h\u00fcrmetli bir sembold\u00fcr. Tasavvuf gelene\u011finde tevazu ve peygamber sevgisini simgeleyen bu sembol Allah rasulune olan h\u00fcrmetin sembol\u00fcd\u00fcr.<\/p>\n<p data-start=\"1071\" data-end=\"1194\">Hem kendiniz i\u00e7in anlaml\u0131 bir aksesuar hem de sevdiklerinize <strong data-start=\"1132\" data-end=\"1165\">benzersiz ve g\u00fc\u00e7l\u00fc bir hediye<\/strong> olarak tercih edebilirsiniz.<\/p>\n<p data-start=\"1196\" data-end=\"1276\">Bu manevi lezzeti boynunuzda ta\u015f\u0131y\u0131n.<\/p>\n<p>Kasa : 925 Ayar G\u00fcm\u00fc\u015f\u00a0 \/ \u0130ste\u011fe g\u00f6re tasar\u0131m de\u011fi\u015ftirebilir. Tamamen Ki\u015fiye \u00f6zeldir.<\/p>\n<p><strong>Tamamen el yap\u0131m\u0131d\u0131r. Ki\u015fiye \u00f6zel \u00fcretim yap\u0131lmaktad\u0131r bu sebeple tasar\u0131m\u0131 iste\u011finize g\u00f6re \u015fekillendirebiliriz. Ki\u015fiye \u00f6zel yap\u0131ld\u0131\u011f\u0131 i\u00e7in iade ve de\u011fi\u015fim s\u00f6z konusu de\u011fildir.<\/strong><\/p>\n<p>Di\u011fer <a href=\"https:\/\/www.muhrucevher.com\/\">el yap\u0131m\u0131 kolye modelleri<\/a> i\u00e7in ma\u011fazam\u0131z\u0131 inceleyebilirsiniz.<\/p>\n","protected":false},"excerpt":{"rendered":"<p data-pm-slice=\"0 0 []\"><strong>Hilye-i \u015eerif<\/strong><\/p>\n<p data-pm-slice=\"0 0 []\">\u00d6n y\u00fczde ; Hilye-i \u015eerif bulunmaktad\u0131r. ,Hilye-i \u015eerif ,\u00a0 Hz. Muhammed&#8217;in (s.a.v.) fiziksel \u00f6zelliklerini, ahlak\u0131n\u0131 ve \u015fem\u00e2ilini tasvir eden, \u00f6zellikle Osmanl\u0131 sanat\u0131nda hat ve tezhiple s\u00fcslenen panolara verilen isimdir. Kelime anlam\u0131 &#8220;s\u00fcs, ziynet&#8221; olan hilye, Peygamberi g\u00f6rme arzusuyla olu\u015fturu\u015fturulur.<\/p>\n<p data-pm-slice=\"0 0 []\">Arka y\u00fczde ise Nahl-i \u015eerif bulunmaktad\u0131r;<\/p>\n<p data-pm-slice=\"0 0 []\">Nal-\u0131 \u015eerif (Nal-\u0131 Saadet), Peygamberimiz Hz. Muhammed&#8217;in (s.a.v) giydi\u011fi sandaletlerin \u015feklini temsil eden h\u00fcrmetli bir sembold\u00fcr. Tasavvuf gelene\u011finde tevazu ve peygamber sevgisini simgeleyen bu sembol Allah rasulune olan h\u00fcrmetin sembol\u00fcd\u00fcr.<\/p>\n<p data-pm-slice=\"0 0 []\"><strong>\u00dcr\u00fcn Videosunu \u0130zlemek \u0130\u00e7in Linke T\u0131klay\u0131n\u00a0<a href=\"https:\/\/www.instagram.com\/p\/CpDmXUprX3E\/?img_index=1\">Hilye-i \u015eerif<\/a>\u00a0<\/strong><\/p>\n<h4><strong>Sipari\u015f ve Bilgi A\u00e7\u0131klamas\u0131 ( L\u00fctfen Okuyunuz!)<\/strong><\/h4>\n<p><strong>\u00dcr\u00fcn el i\u015f\u00e7ili\u011fi ve ki\u015fiye \u00f6zel \u00fcretim oldu\u011fu i\u00e7in iade ve de\u011fi\u015fim s\u00f6z konusu de\u011fildir.<\/strong><br \/>\n<strong>Ortalama \u00fcretim s\u00fcresi \u00f6deme sonras\u0131 2-3 hafta aras\u0131ndad\u0131r<\/strong>.<br \/>\n<strong>L\u00fctfen sipari\u015f \u00f6deme k\u0131sm\u0131nda \u00f6n\u00fcn\u00fcze \u00e7\u0131kacak alana \u00fcr\u00fcn\u00fc nas\u0131l istedi\u011finize dair detayl\u0131 bilgi verin.<\/strong><br \/>\nL\u00fctfen \u00fcr\u00fcn detaylar\u0131n\u0131 sipari\u015f notunda do\u011fru bir \u015fekilde verin. Yanl\u0131\u015f bilgilendirilimesi sonucunda olu\u015facak hatalar tamamen m\u00fc\u015fteriye ait kusurlar sebebidir. <strong>Revize tamir yada d\u00fczeltme i\u00e7in \u00e7\u0131kan kargo \u00fccretleri gidi\u015f ve d\u00f6n\u00fc\u015f olmak \u00fczere m\u00fc\u015fteri taraf\u0131ndan \u00f6denir.<\/strong><\/p>\n","protected":false},"featured_media":1491,"template":"","meta":{"_seopress_robots_primary_cat":"none","_seopress_titles_title":"Hilye-i \u015eerif |\u00d6n Y\u00fcz\u00fc Hilye-i \u015eerif | Arka Y\u00fcz Nahl-\u0131 \u015eerif | Tamamen Ki\u015fiye \u00d6zel | 925 Ayar G\u00fcm\u00fc\u015f","_seopress_titles_desc":"\u00d6n Y\u00fcz\u00fc Hilye-i \u015eerif arka y\u00fcz\u00fc Nahl-\u0131 \u015eerif tamamen ki\u015fiye \u00f6zel tasar\u0131m 925 ayar g\u00fcm\u00fc\u015fden \u00fcretilen el i\u015f\u00e7ili\u011fi kolye .","_seopress_robots_index":"","_kad_post_transparent":"default","_kad_post_title":"","_kad_post_layout":"default","_kad_post_sidebar_id":"","_kad_post_content_style":"default","_kad_post_vertical_padding":"default","_kad_post_feature":"","_kad_post_feature_position":"","_kad_post_header":false,"_kad_post_footer":false,"_kad_post_classname":"","_vp_format_video_url":"","_vp_image_focal_point":[]},"product_brand":[29],"product_cat":[17,15,18,24],"product_tag":[],"class_list":{"0":"post-1488","1":"product","2":"type-product","3":"status-publish","4":"has-post-thumbnail","6":"product_brand-muhr-u-cevher","7":"product_cat-erkek","8":"product_cat-genel","9":"product_cat-kadin","10":"product_cat-kolye","12":"first","13":"instock","14":"shipping-taxable","15":"purchasable","16":"product-type-variable","17":"entry","18":"content-bg","19":"loop-entry"},"_links":{"self":[{"href":"https:\/\/www.muhrucevher.com\/index.php\/wp-json\/wp\/v2\/product\/1488","targetHints":{"allow":["GET"]}}],"collection":[{"href":"https:\/\/www.muhrucevher.com\/index.php\/wp-json\/wp\/v2\/product"}],"about":[{"href":"https:\/\/www.muhrucevher.com\/index.php\/wp-json\/wp\/v2\/types\/product"}],"wp:featuredmedia":[{"embeddable":true,"href":"https:\/\/www.muhrucevher.com\/index.php\/wp-json\/wp\/v2\/media\/1491"}],"wp:attachment":[{"href":"https:\/\/www.muhrucevher.com\/index.php\/wp-json\/wp\/v2\/media?parent=1488"}],"wp:term":[{"taxonomy":"product_brand","embeddable":true,"href":"https:\/\/www.muhrucevher.com\/index.php\/wp-json\/wp\/v2\/product_brand?post=1488"},{"taxonomy":"product_cat","embeddable":true,"href":"https:\/\/www.muhrucevher.com\/index.php\/wp-json\/wp\/v2\/product_cat?post=1488"},{"taxonomy":"product_tag","embeddable":true,"href":"https:\/\/www.muhrucevher.com\/index.php\/wp-json\/wp\/v2\/product_tag?post=1488"}],"curies":[{"name":"wp","href":"https:\/\/api.w.org\/{rel}","templated":true}]}}